 5078049?
7
What is the units digit of 130747?
7
What is the hundred thousands digit of 32396077?
3
What is the units digit of 69193?
3
What is the hundreds digit of 448966?
9
What is the units digit of 244609?
9
What is the hundreds digit of 583700?
7
What is the hundred thousands digit of 215027?
2
What is the units digit of 416507?
7
What is the units digit of 4467350?
0
What is the ten thousands digit of 12657583?
5
What is the hundred thousands digit of 1308981?
3
What is the hundreds digit of 935989?
9
What is the hundred thousands digit of 955889?
9
What is the tens digit of 10048177?
7
What is the hundreds digit of 5464151?
1
What is the units digit of 520042?
2
What is the ten thousands digit of 1105840?
0
What is the hundred thousands digit of 419752?
4
What is the hundreds digit of 318578?
5
What is the thousands digit of 413982?
3
What is the tens digit of 11766588?
8
What is the millions digit of 17642412?
7
What is the units digit of 38572?
2
What is the hundreds digit of 1927334?
3
What is the hundreds digit of 803901?
9
What is the ten thousands digit of 432467?
3
What is the thousands digit of 687295?
7
What is the hundreds digit of 272551?
5
What is the thousands digit of 175192?
5
What is the tens digit of 15346343?
4
What is the hundreds digit of 291621?
6
What is the hundreds digit of 77979?
9
What is the units digit of 1336016?
6
What is the hundreds digit of 554266?
2
What is the hundred thousands digit of 640915?
6
What is the units digit of 444069?
9
What is the hundred thousands digit of 1097699?
0
What is the millions digit of 1271981?
1
What is the hundreds digit of 2542706?
7
What is the millions digit of 3984179?
3
What is the tens digit of 706989?
8
What is the hundreds digit of 2589731?
7
What is the millions digit of 15995588?
5
What is the thousands digit of 335542?
5
What is the thousands digit of 715665?
5
What is the units digit of 632145?
5
What is the ten thousands digit of 3060655?
6
What is the thousands digit of 1072494?
2
What is the units digit of 1463257?
7
What is the hundred thousands digit of 347115?
3
What is the millions digit of 1095349?
1
What is the hundreds digit of 370397?
3
What is the thousands digit of 3958492?
8
What is the hundred thousands digit of 4076339?
0
What is the tens digit of 1901234?
3
What is the millions digit of 10739360?
0
What is the units digit of 78044?
4
What is the units digit of 407571?
1
What is the hundred thousands digit of 191630?
1
What is the hundreds digit of 20963573?
5
What is the units digit of 740585?
5
What is the hundred thousands digit of 9683610?
6
What is the millions digit of 7864387?
7
What is the units digit of 4219936?
6
What is the hundred thousands digit of 310292?
3
What is the hundred thousands digit of 544343?
5
What is the units digit of 129620?
0
What is the units digit of 347651?
1
What is the thousands digit of 3997659?
7
What is the thousands digit of 25682967?
2
What is the ten thousands digit of 7785186?
8
What is the hundred thousands digit of 171092?
1
What is the hundreds digit of 535729?
7
What is the hundred thousands digit of 393534?
3
What is the thousands digit of 104349?
4
What is the thousands digit of 256154?
6
What is the ten thousands digit of 165745?
6
What is the millions digit of 7911180?
7
What is the ten thousands digit of 1987995?
8
What is the tens digit of 6687322?
2
What is the thousands digit of 606675?
6
What is the tens digit of 268428?
2
What is the thousands digit of 63509?
3
What is the millions digit of 7965704?
7
What is the thousands digit of 885084?
5
What is the hundreds digit of 8166?
1
What is the units digit of 1842082?
2
What is the millions digit of 2344273?
2
What is the thousands digit of 5957305?
7
What is the millions digit of 2744527?
2
What is the units digit of 355102?
2
What is the hundred thousands digit of 915230?
9
What is the hundreds digit of 888264?
2
What is the ten thousands digit of 19558?
1
What is the tens digit of 2458082?
8
What is the tens digit of 762449?
4
What is the units digit of 172309?
9
What is the ten thousands digit of 199446?
9
What is the tens digit of 254582?
8
What is the units digit of 638937?
7
What is the thousands digit of 17771944?
1
What is the units digit of 243074?
4
What is the millions digit of 20254493?
0
What is the thousands digit of 1383207?
3
What is the ten thousands digit of 154807?
5
What is the tens digit of 1472252?
5
What is the ten thousands digit of 2246943?
4
What is the units digit of 20767075?
5
What is the ten millions digit of 24023709?
2
What is the tens digit of 2301676?
7
What is the hundred thousands digit of 2740425?
7
What is the ten thousands digit of 382943?
8
What is the tens digit of 4652436?
3
What is the hundred thousands digit of 1387500?
3
What is the millions digit of 1850965?
1
What is the ten thousands digit of 67865?
6
What is the millions digit of 1426946?
1
What is the ten thousands digit of 30060861?
6
What is the hundred thousands digit of 36083410?
0
What is the units digit of 1017623?
3
What is the units digit of 47444?
4
What is the ten thousands digit of 1433798?
3
What is the hundred thousands digit of 752384?
7
What is the millions digit of 1630086?
1
What is the tens digit of 988577?
7
What is the tens digit of 3768616?
1
What is the hundreds digit of 815274?
2
What is the millions digit of 2006917?
2
What is the thousands digit of 5402565?
2
What is the hundred thousands digit of 130549?
1
What is the hundred thousands digit of 8177131?
1
What is the thousands digit of 11746828?
6
What is the hundred thousands digit of 587547?
5
What is the hundreds digit of 363788?
7
What is the hundreds digit of 7463782?
7
What is the thousands digit of 2277864?
7
What is the ten thousands digit of 157110?
5
What is the hundred thousands digit of 4670959?
6
What is the ten thousands digit of 4526509?
2
What is the tens digit of 3172187?
8
What is the ten thousands digit of 15585404?
8
What is the hundred thousands digit of 18101454?
1
What is the units digit of 39870191?
1
What is the units digit of 289482?
2
What is the hundred thousands digit of 13100892?
1
What is the units digit of 33125267?
7
What is the thousands digit of 6127438?
7
What is the ten thousands digit of 752587?
5
What is the hundred thousands digit of 10832292?
8
What is the thousands digit of 750525?
0
What is the thousands digit of 209886?
9
What is the tens digit of 766890?
9
What is the tens digit of 340811?
1
What is the ten thousands digit of 959593?
5
What is the units digit of 9694614?
4
What is the hundreds digit of 14358988?
9
What is the units digit of 210312?
2
What is the hundreds digit of 1576535?
5
What is the ten thousands digit of 5215556?
1
What is the hundred thousands digit of 3865557?
8
What is the tens digit of 53519?
1
What is the ten millions digit of 20589658?
2
What is the units digit of 1673663?
3
What is the units digit of 1700212?
2
What is the tens digit of 61606?
0
What is the units digit of 6091400?
0
What is the thousands digit of 3197611?
7
What is the hundreds digit of 4294614?
6
What is the thousands digit of 5057044?
7
What is the units digit of 490550?
0
What is the thousands digit of 185753?
5
What is the hundreds digit of 25419?
4
What is the tens digit of 1770280?
8
What is the thousands digit of 367127?
7
What is the units digit of 978081?
1
What is the thousands digit of 201969?
1
What is the thousands digit of 125884?
5
What is the thousands digit of 315516?
5
What is the hundreds digit of 2395188?
1
What is the hundred thousands digit of 33112345?
1
What is the units digit of 29342?
2
What is the thousands digit of 264520?
4
What is the units digit of 1790353?
3
What is the hundred thousands digit of 18636937?
6
What is the hundred thousands digit of 12786561?
7
What is the hundreds digit of 98605?
6
What is the tens digit of 80579?
7
What is the millions digit of 2810689?
2
What is the tens digit of 178053?
5
What is the units digit of 430075?
5
What is the hundred thousands digit of 18706596?
7
What is the thousands digit of 519918?
9
What is the units digit of 1621078?
8
What is the tens digit of 353737?
3
What is the hundreds digit of 447917?
9
What is the ten thousands digit of 434801?
3
What i